= -3 + 5. Suppose 0*w + p*w = 44. What is the remainder when w is divided by s(-15)?
10
Let v(d) = 9*d**2 - 1. Suppose 0 = 4*p + 5*f - 3*f + 56, f = 0. Let n = 13 + p. What is the remainder when 13 is divided by v(n)?
5
Let d = -325 - -458. What is the remainder when d is divided by (-700)/400 + (-143)/(-4)?
31
Let y(v) = -1019*v + 5 + 1023*v - 15. Calculate the remainder when y(3) is divided by (-4)/(-14) + (-10)/(-14).
0
Let u(q) = -2*q - 1. Let p be -3*3/12*4. What is the remainder when u(-19) is divided by (-58)/p + (-13)/39?
18
Let l = 1128 + -980. Let u = -47 - -89. Let v = l - u. Calculate the remainder when v is divided by 36.
34
Suppose 16 = 5*g - 19. Suppose 37 = -4*x + 7*x + f, 5*x - 75 = -5*f. Calculate the remainder when x is divided by g.
4
Suppose -x + 59 = -3*c, 5*c = -9*x + 5*x + 151. What is the remainder when 154 is divided by x?
22
Let n(p) = 47*p + 1. Let x be n(1). Let c = x - 27. Suppose 4*f - 31 - c = 0. What is the remainder when 37 is divided by f?
11
Suppose 0 = -4*o + 2*o + 6. Suppose o*p - 4*v + 311 = 6*p, 105 = p + 2*v. Suppose 7*m - 104 = 3*m. What is the remainder when p is divided by m?
23
Let h(y) = -24*y**3 + 2*y**2 + 2*y. Let b be h(-1). Suppose 2*o + 50 = -3*o. Let m = b + o. What is the remainder when 39 is divided by m?
11
Suppose 173*t - 184*t + 253 = 0. What is the remainder when 68 is divided by t?
22
Let v(k) = 4*k**2 - k + 10. What is the remainder when v(-5) is divided by 20?
15
Let x(h) = 3*h**2 - 5*h + 1. Let d = -37 - -47. What is the remainder when x(5) is divided by 5/d*-2*-18?
15
Let t = 97 - 100. Calculate the remainder when 42 - (2/2 - 2) is divided by (-6)/((-21)/(-9) + t).
7
Let d(q) = 2*q**2 - 24*q + 66. Calculate the remainder when d(15) is divided by 32.
28
Let n(r) = 3*r**2 - 16. Let c(d) = 3*d - 5. Calculate the remainder when n(3) is divided by c(3).
3
Let z(u) = -9*u + 314. Calculate the remainder when z(19) is divided by 10.
3
Let c(x) = 3*x**3 - 6*x**2 + 6*x + 1. Let w be c(3). Suppose 4*z - w = -3*i, -4*i + 3*z + 22 = -56. Calculate the remainder when 35 is divided by i.
17
Suppose 4*h = 3*k - 1461, -4*k - k + 2*h = -2435. Calculate the remainder when k is divided by 14.
11
Calculate the remainder when ((-2)/6)/((-2)/942) is divided by 51.
4
Let c be ((-48)/(-22) - 2) + (-75)/(-11). Suppose -4*b + c*b - 204 = 3*k, 3*k - 356 = -5*b. Calculate the remainder when b is divided by 28.
14
Suppose -390 - 1089 = -17*r. What is the remainder when r is divided by 33?
21
Suppose 0 = 5*n - 9 + 34, -x = -4*n - 57. Suppose -3*t + x = -t + w, 5*w - 15 = 0. What is the remainder when t is divided by 9?
8
Suppose 0 = 5*m + 143*o - 139*o - 36, 2*o + 42 = 5*m. Let v = -15 - -42. What is the remainder when v is divided by m?
3
Suppose 5*g + 2*s - 51 = 0, -6*g + 3*g = 2*s - 29. Let f(o) = -o**3 - 6*o**2 + 2*o - 4. Let c = 0 + -7. Calculate the remainder when f(c) is divided by g.
9
Let r be (0 - -76) + (-3)/(-3). Let g = 279 + -322. Let s = r + g. Calculate the remainder when s is divided by 9.
7
Suppose 2*d - 7*d + 89 = -3*m, 5*m - 29 = -d. Calculate the remainder when 264 is divided by d.
17
Let t be 2*1*(-9)/(-6). Suppose 0 = 10*h - 7*h + 5*x - 32, t*h + 4*x - 34 = 0. Calculate the remainder when 138 is divided by h.
12
Let k(b) = -7*b**3 - 29*b - 28. Calculate the remainder when k(-1) is divided by 3.
2
What is the remainder when 140/(-9)*1071/(-238) is divided by 68?
2
Let h = 112 + -86. Let x = 34 - h. Let p = 27 + 20. Calculate the remainder when p is divided by x.
7
Let t = -57 - -95. Let a = 0 + 0. Calculate the remainder when t is divided by 19 + -1 + (a - -2).
18
Let b(v) = 15*v + 990 - 991 - v**2 - 2*v. Calculate the remainder when 31 is divided by b(12).
9
Let h(x) = x + 22. Let b be h(-26). Suppose -d + 395 = 4*d. What is the remainder when d is divided by (9/b)/((-1)/(10 - -2))?
25
Suppose -3*f - 4*x + 43 = 0, 2*f - 15 = -5*x + 9. Suppose -3*l - 2*l - 4450 = 0. What is the remainder when (l/6)/(-5) + (-3)/(-9) is divided by f?
13
What is the remainder when 84 is divided by (4 - 10)*(-3 + 0)?
12
Let q = 34 - 33. Let y(l) = l**2 - 6*l + 5. Let c be y(5). Suppose 4*z + 2 - 6 = c. Calculate the remainder when q is divided by z.
0
Let l(y) = 42*y**3 - y**2. Suppose -2*g - 5*v + 24 = -14, -4*g + 4*v = -20. Calculate the remainder when l(1) is divided by g*3/9 + 24/2.
11
Let k(d) = -d**2 + 18*d - 68. Calculate the remainder when 654 is divided by k(11).
6
Let q = -16 + 47. Let a(l) = -l**2 - 18*l + 6. Let b be a(-18). Suppose -b*i + 65 = -31. Calculate the remainder when q is divided by i.
15
Let r(w) = w**2 + 6*w**2 - 6*w**2. Let n be r(-2). Suppose n*t - 4 = 48. What is the remainder when 24 is divided by t?
11
Let h(q) = q**2 + 8*q - 31. Let d be h(-11). Suppose -279 = -3*c - 3*w, -d*c = 3*c - 5*w - 505. Calculate the remainder when c is divided by 25.
22
Suppose 8*f - 78 = -14. Calculate the remainder when 222 is divided by f.
6
Suppose -60 = -3*m - 2*m. Suppose 5*u - m*u = -133. What is the remainder when 36 is divided by u?
17
Let j(q) be the first derivative of -4*q**2 + 3 - 2*q + 5*q**2 + 9*q + q**3 - 3*q**2. Calculate the remainder when j(6) is divided by 23.
22
Suppose -y = -4 - 1, -3*m - 3*y + 3 = 0. Suppose -139 = -35*h - 349. What is the remainder when 2 is divided by m/h*12/8?
0
Suppose -8 = -2*j + 4*o, 4*o = -72*j + 72*j. Suppose s - 15 - 4 = 0. Calculate the remainder when s is divided by j.
3
Suppose -5*i - 26 = 3*f, f - 5*i = 6*f + 60. Let q = f - -67. Calculate the remainder when 199 is divided by q.
49
Let j = -391 - -403. What is the remainder when 23 is divided by j?
11
Let a be 198/12*(4 - -2). Let o = -9 + a. Suppose -3*s = -g - o, 3*s - 4*g + 5 = 95. What is the remainder when 59 is divided by s?
29
Suppose -3*h = -2*h - 22. Let a = h + -22. Suppose a = -f - 3*p + 7, f - 33 - 6 = 5*p. Calculate the remainder when f is divided by 5.
4
Suppose -5*q = 2*x - 79, -3*q = 3*x - 64 + 13. Calculate the remainder when (24/q + 4)*(3 + 2) is divided by 10.
8
Let k = 85 - -941. Calculate the remainder when k is divided by 49.
46
Suppose 0 = 2*v - 10, -2*m - 5*v + 45 = -m. Let n = -121 + 52. Let j = -33 - n. Calculate the remainder when j is divided by m.
16
Suppose 4*k + 20 = i, -4*i + k + 4*k = -25. Suppose -5*s + i = 20, 0 = -4*v - 2*s + 76. Calculate the remainder when v is divided by 8.
5
Suppose 2*j - 6 = 0, 4*q - j + 12 = 37. Let s(t) = -t**3 + 6*t**2 + 7*t + 6. Let a be s(q). Calculate the remainder when 80/a + (-12)/(-18) is divided by 5.
4
What is the remainder when ((-375)/4)/((-12)/64) is divided by 101?
96
Let u(o) be the third derivative of o**7/2520 + o**4/24 + 5*o**2. Let a(h) be the second derivative of u(h). Calculate the remainder when a(-2) is divided by 3.
1
Let v(p) = 4*p + 3*p + 5 + p**2 + 0*p. Let s be v(-6). Calculate the remainder when 39 is divided by s/2*280/(-14).
9
Suppose 0 = z - 3 - 12. Let a be ((-70)/6)/((-2)/24). Suppose 2*t - 7*t + a = 0. What is the remainder when t is divided by z?
13
Let a = 156 + -100. Suppose -70*k = -73*k + 2*q + 55, k = -4*q + 23. What is the remainder when a is divided by k?
18
Suppose -8 + 3 = 5*o. Let w(g) = -20*g + 1. What is the remainder when ((-760)/(-30))/((-4)/(-6)) is divided by w(o)?
17
Let c(i) = -i - 1. Let s(l) = l + 2. Let t(q) = 3*c(q) + 2*s(q). Let p be t(5). Calculate the remainder when 87 is divided by (-2)/(-8)*-22*p.
21
Let c = -487 - -493. Calculate the remainder when 6 is divided by c.
0
Let z = 17 + -16. Let t = 52 + -31. What is the remainder when 372/9 - z/3 is divided by t?
20
Let g(h) = -18*h - 3. Let u be g(-6). Let n = u - 62. Calculate the remainder when n is divided by -5 + 3 + 1/((-5)/(-120)).
21
Let j(o) = 10*o**2 - 2*o**2 - 4 + 8*o - 1 + 6. Let g be j(-4). Suppose -5*f + 225 = 2*x, 2*f - g = -2*x - 13. Calculate the remainder when f is divided by 12.
11
Let y = 76 - 74. Suppose 0 = -i - 4*c + 8, -y*i - c = -5*c - 16. Calculate the remainder when 37 is divided by i.
5
Let o = 171 - 91. Calculate the remainder when o is divided by 26.
2
Let i be 118/15 + 16/120. Let t be (-27)/(-6)*i/12. Suppose t*b + 57 = 6*b. Calculate the remainder when b is divided by 10.
9
Suppose m + s - 16 = 0, -3*s + 4*s - 37 = -2*m. Let z = 130 - 61. Let g = -29 + z. What is the remainder when g is divided by 